of 165?
False
Does 673 divide 104040416?
True
Does 15 divide 180064712?
False
Is 284 a factor of 177187884?
True
Does 158 divide 3471433326?
True
Is 74618271 a multiple of 1441?
False
Is 300036552 a multiple of 183?
True
Does 430 divide 1044900?
True
Is 22 a factor of 49092681?
False
Is 3854031 a multiple of 3?
True
Is 5509995912 a multiple of 36?
True
Is 16 a factor of 1855750684?
False
Is 26 a factor of 56630758?
False
Does 249 divide 9135606?
False
Does 1096 divide 298347749?
False
Is 213332322 a multiple of 42?
True
Is 1080914 a multiple of 107?
True
Is 1184653624 a multiple of 33?
False
Is 233 a factor of 22632436?
False
Does 6048 divide 718858393?
False
Does 2856 divide 1089018504?
True
Is 580 a factor of 215659660?
True
Does 4183 divide 125446221?
False
Is 20 a factor of 54299611?
False
Is 3 a factor of 4527648?
True
Is 888 a factor of 34977432?
True
Is 984 a factor of 343056840?
True
Is 49 a factor of 48904945?
False
Is 19861113 a multiple of 66?
False
Is 3241 a factor of 88284043?
False
Is 34386666 a multiple of 25?
False
Is 213659043 a multiple of 663?
True
Is 8666633 a multiple of 1493?
False
Does 72 divide 279095760?
True
Does 324 divide 2039670396?
True
Is 1080757994 a multiple of 84?
False
Is 395 a factor of 1507514433?
False
Is 68137590 a multiple of 515?
True
Does 1496 divide 12399565?
False
Is 976430580 a multiple of 29?
True
Does 153 divide 6399224?
False
Does 20 divide 189121766?
False
Is 857926836 a multiple of 54?
True
Does 152 divide 572426072?
True
Is 19 a factor of 33086625?
False
Is 130656961 a multiple of 17?
False
Is 47824160 a multiple of 8?
True
Is 407 a factor of 12635312?
False
Is 7562984 a multiple of 121?
True
Does 31 divide 669587341?
False
Is 22636180 a multiple of 14?
True
Does 17 divide 265619033?
True
Is 2608149355 a multiple of 187?
False
Does 58 divide 52226780?
False
Is 52 a factor of 985361503?
False
Does 121 divide 685972380?
False
Is 40884360 a multiple of 330?
True
Is 3779824853 a multiple of 8188?
False
Does 372 divide 2861390?
False
Does 3 divide 26716023?
True
Is 31 a factor of 316082076?
True
Is 732641 even?
False
Does 7 divide 161143563?
True
Does 46 divide 254941008?
False
Does 1471 divide 388363893?
False
Is 433181412 a multiple of 54?
True
Is 135 a factor of 364212568?
False
Does 15 divide 2322802620?
True
Is 2706 a factor of 4406365102?
False
Does 13 divide 8538361?
True
Does 330 divide 1302025994?
False
Is 1094053122 a multiple of 3539?
False
Does 8 divide 1770129241?
False
Does 5945 divide 2376118737?
False
Is 83245199 a multiple of 82?
False
Does 3601 divide 677654317?
False
Is 13556243 a multiple of 281?
False
Is 66 a factor of 9652143?
False
Is 1746 a factor of 318186439?
False
Does 13 divide 201673897?
False
Is 6447830 a multiple of 631?
False
Does 504 divide 694434105?
False
Does 12 divide 222397476?
True
Is 654 a factor of 13216686?
True
Is 26285301 a multiple of 1288?
False
Is 198673494 a multiple of 10?
False
Is 1157 a factor of 265293996?
False
Is 464174425 a multiple of 25?
True
Is 924097495 a multiple of 1951?
False
Is 329 a factor of 6079262?
True
Is 4641325 a multiple of 17?
False
Does 41 divide 32031086?
True
Does 550 divide 4105200?
True
Is 279828472 a multiple of 1342?
True
Is 72425839 a multiple of 1074?
False
Is 7 a factor of 48646743?
False
Is 4621890 a multiple of 195?
True
Is 23344477 a multiple of 10?
False
Is 89 a factor of 241404223?
True
Is 131235793 a multiple of 533?
True
Is 170 a factor of 214260305?
False
Does 52 divide 84156020?
True
Does 395 divide 80271900?
True
Is 29858227 a multiple of 202?
False
Is 66 a factor of 1263617256?
True
Is 31858986 a multiple of 17?
True
Is 3 a factor of 874898?
False
Is 8413204 a multiple of 228?
False
Is 69524515 a multiple of 677?
True
Is 20012239 a multiple of 99?
False
Does 551 divide 1132363957?
True
Is 304729277 a multiple of 5109?
False
Does 18 divide 119202129?
False
Is 6 a factor of 458801871?
False
Does 39 divide 97659530?
False
Is 14 a factor of 1425048492?
True
Is 26 a factor of 671163163?
False
Is 9 a factor of 27203820?
False
Does 17 divide 239905588?
False
Is 28578864 a multiple of 25?
False
Does 76 divide 75223888?
True
Is 132282182 a multiple of 218?
True
Is 35 a factor of 940265007?
False
Is 125 a factor of 787215250?
True
Is 26 a factor of 79032933?
False
Is 149960224 a multiple of 37?
False
Does 31 divide 384469070?
False
Does 35 divide 188171375?
True
Is 654 a factor of 27046824?
True
Is 204325996 a multiple of 1609?
False
Is 10482461 a multiple of 15?
False
Does 600 divide 9402452?
False
Is 3 a factor of 1231864?
False
Is 19081473 a multiple of 191?
True
Does 129 divide 58734603?
True
Is 2396 a factor of 706265961?
False
Is 48913720 a multiple of 6?
False
Is 16 a factor of 1344689?
False
Is 2021818 a multiple of 3?
False
Is 11627365 a multiple of 104?
False
Does 1433 divide 122154652?
True
Is 4 a factor of 123100472?
True
Is 341 a factor of 1090741988?
False
Does 248 divide 3184138529?
False
Is 380 a factor of 8943154?
False
Is 154 a factor of 56292852?
True
Is 255787771 a multiple of 1739?
True
Is 596545544 a multiple of 8?
True
Does 158 divide 1413856?
False
Is 2247152 a multiple of 6?
False
Is 99 a factor of 13800420?
False
Does 350 divide 105229007?
False
Is 478202092 a multiple of 63?
False
Does 110 divide 89998480?
True
Does 40 divide 65967160?
True
Is 901 a factor of 21579851?
True
Is 25 a factor of 392525925?
True
Is 164901361 a multiple of 3791?
False
Is 42 a factor of 2287404?
True
Is 16 a factor of 16784288?
True
Is 814943370 a multiple of 57?
False
Is 979 a factor of 17037537?
True
Does 864 divide 14090976?
True
Is 47054241 a multiple of 3123?
True
Does 14 divide 2313262378?
True
Is 21 a factor of 116575011?
True
Is 73105955 a multiple of 13?
True
Does 101 divide 5676475?
False
Is 14 a factor of 2154352236?
False
Does 3 divide 6289226?
False
Is 1237583284 a multiple of 8181?
False
Does 58 divide 157657688?
True
Is 4 a factor of 11533304?
True
Does 59 divide 328382892?
False
Is 8476312 a multiple of 35?
False
Is 34 a factor of 140469980?
True
Does 163 divide 28089627?
True
Does 12 divide 3303024?
True
Is 295 a factor of 223972555?
True
Does 688 divide 7315504?
True
Is 115654494 a multiple of 303?
True
Is 56 a factor of 194613021?
False
Is 1369067602 a multiple of 25?
False
Does 1405 divide 225630285?
False
Is 93497426 a multiple of 62?
True
Is 93370716 a multiple of 43?
True
Does 140 divide 3031647?
False
Is 48995543 a multiple of 468?
False
Is 961944085 a multiple of 4903?
True
Does 4 divide 14113666?
False
Is 83350717 a multiple of 191?
False
Is 1966830688 a multiple of 261?
False
Is 557 a factor of 501065255?
False
Is 100572405 a multiple of 5?
True
Is 3993063 a multiple of 24?
False
Is 19 a factor of 10579174?
False
Is 26335848 a multiple of 6?
True
Is 123 a factor of 38917668?
False
Is 1137945669 a multiple of 29?
False
Does 86 divide 2205462266?
False
Does 48 divide 182941248?
True
Is 157 a factor of 188136554?
True
Is 98 a factor of 27779649?
False
Is 17850402 a multiple of 18?
True
Does 2462 divide 2280240388?
True
Does 14 divide 9645300?
True
Is 49825935 a multiple of 4?
False
Is 798 a factor of 246304296?
True
Does 480 divide 2187558753?
False
Is 24 a factor of 1166796094?
False
Does 13 divide 63149531?
False
Is 1432674 a multiple of 86?
True
Does 17 divide 56248637?
False
Is 520 a factor of 7183280?
True
Is 16 a factor of 23466400?
True
Is 15404601 a multiple of 11?
False
Is 1890 a factor of 162158220?
True
Is 124181372 a multiple of 257?
True
Is 32 a factor of 3498643232?
True
Is 10892748 a multiple of 9?
False
Does 16 divide 6603872?
True
Is 27 a factor of 719998929?
True
Is 1567 a factor of 54740011?
True
Does 33 divide 72331941?
True
Is 228850323 a multiple of 9?
False
Is 7781331 a multiple of 5?
False
Does 183 divide 3467210232?
True
Does 40 divide 679390629?
False
Is 152152960 a multiple of 8?
True
Does 15 divide 36483679?
False
Is 1690 a factor of 577300620?
True
Does 10 divide 178247870?
True
Does 46 divide 51959116?
True
Is 7 a factor of 624305185?
True
Is 133 a factor of 2013678121?
True
Is 309 a factor of 289516932?
True
Is 3903 a factor of 209359718?
False
Is 36673878 a multiple of 14?
False
Is 225 a factor of 568727576?
False
Does 344 divide 10224368?
True
Does 1060